6, what is 30fe - -2645?
5743
In base 16, what is -3 + -279e1a?
-279e1d
In base 6, what is -3425 - 32450?
-40315
In base 13, what is -67421 - -ab7?
-66637
In base 14, what is 5 - -195386d?
1953874
In base 11, what is 1783a - -6253?
22a92
In base 7, what is -64 - 2204315?
-2204412
In base 15, what is 68b - -daea?
e286
In base 15, what is 13b3a1 + -6?
13b39a
In base 13, what is -2aca11 + -9?
-2aca1a
In base 16, what is -a8b41f - -e?
-a8b411
In base 5, what is 10 + 2134013213?
2134013223
In base 11, what is 3265 + 3114?
6379
In base 12, what is 3210 + -11a4?
2028
In base 2, what is -10 + 1110111010101101101100100?
1110111010101101101100010
In base 12, what is -2 - -3750018?
3750016
In base 3, what is 11111102 - 1001101000?
-212212121
In base 13, what is 174 - 7ab?
-637
In base 5, what is -21214 - 211010?
-232224
In base 6, what is 4235 - -142123?
150402
In base 9, what is 1086404 + 7?
1086412
In base 3, what is 2210002 + 12220100?
22200102
In base 14, what is 5 + -2ccdb142?
-2ccdb13b
In base 11, what is -37884 + -426?
-381aa
In base 3, what is -2111212 - 100012?
-2212001
In base 15, what is -859567 - 2?
-859569
In base 6, what is -1 - -3330023233?
3330023232
In base 5, what is -10 - 12033034?
-12033044
In base 12, what is -2056 + 4388?
2332
In base 2, what is -11100011010100010100100100 - 10?
-11100011010100010100100110
In base 15, what is 4 - -24de71?
24de75
In base 4, what is -10303012121313 - -11?
-10303012121302
In base 15, what is -16 + -7288?
-729e
In base 14, what is -25083 - 26?
-250a9
In base 6, what is -4 + -20531433530?
-20531433534
In base 13, what is -67b - -10bbb?
10540
In base 5, what is 110132 - -1340301?
2000433
In base 14, what is bc07 - 39?
bbac
In base 7, what is 20560230 - 516?
20556411
In base 5, what is -140343 + 314?
-140024
In base 9, what is -22 - -56428024?
56428002
In base 12, what is -aa65583 - -4?
-aa6557b
In base 6, what is -3011 - 4442522?
-4445533
In base 11, what is -1132627 + -239?
-1132865
In base 12, what is -529b63 + 106?
-529a59
In base 15, what is -2716c7a + 1?
-2716c79
In base 12, what is -232204 - b?
-232213
In base 4, what is 113112122302 - -110?
113112123012
In base 13, what is 39 - -211461?
21149a
In base 11, what is -54426 + 126?
-54300
In base 4, what is 20203010030 + -22?
20203010002
In base 11, what is 1a791 - -48?
1a829
In base 2, what is 1010110110 + -1101110000000?
-1100011001010
In base 16, what is -2ccc + bb2?
-211a
In base 10, what is -1 + -45920780?
-45920781
In base 7, what is 310034 + -134?
306600
In base 8, what is -4 - 44544543?
-44544547
In base 11, what is -71 + 4aa415a?
4aa4099
In base 7, what is -4651403644 + 0?
-4651403644
In base 16, what is c0 + 15739?
157f9
In base 15, what is 12 - 32b164?
-32b152
In base 15, what is 22 - c76e?
-c74c
In base 2, what is 1011111001001101 - -1110000?
1011111010111101
In base 10, what is 904 - -5598?
6502
In base 12, what is -286 + 3415a?
33a94
In base 9, what is 36554331 - 6?
36554324
In base 6, what is -523133 - -100?
-523033
In base 9, what is -3170 - 62575?
-65755
In base 2, what is 100 - 1000101111011001010011111?
-1000101111011001010011011
In base 10, what is 1017 + 33708?
34725
In base 2, what is 1011110 - -10110010010001000?
10110010011100110
In base 13, what is 28 + 40c11?
40c39
In base 5, what is 4 - -42023022011?
42023022020
In base 4, what is 101213 - 221301321?
-221200102
In base 9, what is -5 + -10464734?
-10464740
In base 12, what is 0 - 7a0b3?
-7a0b3
In base 12, what is 5ba - 9782?
-9184
In base 11, what is -53538 - 157a?
-55007
In base 10, what is -4 - -189923342?
189923338
In base 7, what is -23 + 206023552?
206023526
In base 16, what is -4 + -32b985c?
-32b9860
In base 7, what is 4562 - -34301?
42163
In base 4, what is 132130 - -10032103?
10230233
In base 4, what is 100023 - 2113300?
-2013211
In base 4, what is 123 + -1320002023?
-1320001300
In base 9, what is -123 + -1824584?
-1824717
In base 15, what is -1 - 1b2053?
-1b2054
In base 10, what is 74 - 2489821?
-2489747
In base 15, what is 1 - -192aa6?
192aa7
In base 2, what is 100 + 1101010011010010001111111?
1101010011010010010000011
In base 7, what is -22665131305 - 2?
-22665131310
In base 6, what is -114150324 + 10?
-114150314
In base 15, what is -14be + -315?
-17d4
In base 3, what is -110001222211221 + 2221?
-110001222202000
In base 6, what is 3 - 2213045203?
-2213045200
In base 12, what is -5 - -b67087?
b67082
In base 12, what is 3 - -38b90458?
38b9045b
In base 14, what is a6c503 - 14?
a6c4cd
In base 9, what is 80 - 47166?
-47076
In base 4, what is 332 - -3230301232?
3230302230
In base 8, what is -3437564 - -1?
-3437563
In base 15, what is 610e3a + 18?
610e53
In base 13, what is -12 + 5649a?
56488
In base 15, what is -9 - b913cc?
-b913d6
In base 11, what is -33764a + -163?
-337802
In base 11, what is -57aa + -1024?
-6823
In base 4, what is -13 - -311121031112?
311121031033
In base 4, what is -1 + 101031311103?
101031311102
In base 10, what is -5 - 26204791?
-26204796
In base 13, what is -164a6 - -763?
-15a43
In base 2, what is -10110001100001000110010001011 + -1?
-10110001100001000110010001100
In base 10, what is -5 - -37207598?
37207593
In base 13, what is -27c87c1c + 1?
-27c87c1b
In base 5, what is -1014344221 + -1?
-1014344222
In base 15, what is -275 - -1beb3e?
1be8b9
In base 3, what is 111112001110221 - 1?
111112001110220
In base 2, what is -111101101101011111101 - -111?
-111101101101011110110
In base 6, what is -5332202 + 31?
-5332131
In base 6, what is 14434012 - 11?
14434001
In base 10, what is 744 + -177762?
-177018
In base 14, what is -4 + 437da5?
437da1
In base 11, what is -aa00 - -23a4?
-8607
In base 2, what is 101 + -110111010001001110010010?
-110111010001001110001101
In base 4, what is 3 + -120210303013?
-120210303010
In base 14, what is 89 - -6a64c?
6a6d7
In base 16, what is -1045ed - -37?
-1045b6
In base 16, what is -9f - -6370?
62d1
In base 6, what is -1410443 + 11431?
-1355012
In base 7, what is -44 + -204026351?
-204026425
In base 14, what is -5 + 66d8b5?
66d8b0
In base 12, what is 15665a + 38?
156696
In base 14, what is -36a7c57 + -1?
-36a7c58
In base 6, what is -3320 - -1521525?
1514205
In base 5, what is -114220 + 322422?
203202
In base 6, what is -443341314 + -124?
-443341442
In base 16, what is 288e0e - -11?
288e1f
In base 3, what is -10002211112 - 10200000?
-10020111112
In base 10, what is -667 + -40574?
-41241
In base 3, what is 22210111200 - 10001?
22210101122
In base 5, what is 101041244413 - -10?
101041244423
In base 15, what is -1d10067d - 5?
-1d100683
In base 3, what is 20 - 1101001002112?
-1101001002022
In base 2, what is 1 + -10111010101000001101010?
-10111010101000001101001
In base 12, what is 1339 + 29283?
2a600
In base 7, what is -255 + 1013410?
1013122
In base 15, what is 1d9d5a2 - 8?
1d9d599
In base 5, what is 1 - 13434310202?
-13434310201
In base 16, what is -199d34 + -e?
-199d42
In base 14, what is -b2 - -b827c?
b81aa
In base 3, what is 1020102002012 + 22?
1020102002111
In base 16, what is 4 + -23eec6d?
-23eec69
In base 6, what is -1100425122 - 10?
-1100425132
In base 16, what is 2 - edd24?
-edd22
In base 2, what is -1011101 - 11000101001111110?
-11000101011011011
In base 13, what is 1688b + -13?
16878
In base 14, what is -5 + 33c9582?
33c957b
In base 9, what is -1855 + 5?
-1850
In base 13, what is -4336981 - 3?
-4336984
In base 8, what is 173 - -6311?
6504
In base 2, what is 10000111111101110 - -1101000111?
10001001100110101
In base 10, what is -12 + -1744280?
-1744292
In base 16, what is -45498 - -13?
-45485
In base 10, what is -406480 + 50?
-406430
In base 16, what is -ce - 4177de?
-4178ac
In base 15, what is b94ca93 + -1?
b94ca92
In base 16, what is 63 - -69fb9?
6a01c
In base 10, what is -99081 + -104?
-99185
In base 5, what is -32010012042 - -1?
-32010012041
In base 15, what is -8a1 - -7bd?
-d3
In base 9, what is -4 - 6726353?
-6726357
In base 2, what is -1111101001 - -10000111010111011?
10000101011010010
In base 16, what is -1bf - 8130?
-82ef
In base 3, what is 11012111120 - -110?
11012112000
In base 11, what is 5 - -282a935?
282a93a
In base 16, what is 5ca1 + 5b?
5cfc
In base 11, what is 32 + -2838a057?
-2838a025
In base 8, what is -1777 - 111043?
-113042
In base 9, what is 1085 - -10102?
11187
In base 4, what is -2031013 - 323